 Let q = 103 - w. What is the tens digit of q?
2
Let a be ((-6)/(-9))/((-6)/(-27)). Let v be (-15)/a - (2 - 258). Let y = v - 76. What is the tens digit of y?
7
Suppose 56*z = 47*z + 17370. Suppose 2414 = 5*t + 2*x, 4*t - 22*x - z = -24*x. What is the hundreds digit of t?
4
Let u = 318 + -310. Let k(o) = -4 + o - o**3 + 7 + 13*o**2 - 4*o**2. What is the tens digit of k(u)?
7
Let g(t) = t - 2. Let q be g(5). Suppose -3*k + 1110 = -3*p, -p - 345 = -k - 5*p. Suppose -2*y + k = q*y. What is the units digit of y?
3
Let b = -310 - 10. What is the hundreds digit of (0 - -46)/((-64)/b)?
2
Let o = 138 + -136. Suppose 0*p - 4*b + 3427 = 5*p, 3431 = 5*p + o*b. Let w = -473 + p. What is the tens digit of w?
1
Let z(y) = -y**2 + 9*y + 4. Let k be z(10). What is the tens digit of (k - -9)*251/3?
5
Suppose y + 4 - 1 = -3*b, 4*b = y - 4. Suppose -t + 2*t + 1 = y. What is the units digit of 2/(-2) + (78 - t)?
8
Let c(d) = d + 45. Let b be c(-10). Suppose o - 3*t - b = t, -3*t = -4*o + 179. Suppose -4*l = -5*h + 48 + o, 2*h - 38 = -l. What is the tens digit of h?
1
Suppose 0 = 3*g - 3*w - 18, g = -2*w - 1 - 2. Suppose -2*f + 223 = -0*f - g*o, -3*f = -o - 324. What is the hundreds digit of f?
1
Let k = -8041 - -19297. What is the units digit of k?
6
Let d(b) = 4*b**3 - 12*b**2 + 9*b. Let x be d(5). Suppose 3*t - x = 304. Let o = 325 - t. What is the tens digit of o?
4
Suppose 4*w = 5*d - 1139, 1145 = 9*w - 13*w - d. Let n = w - -764. What is the hundreds digit of n?
4
Let t(l) = 9*l**2 + 25*l + 5. Let i be t(5). Let m = 43 + i. What is the hundreds digit of m?
3
Let x(f) = -19*f - 6 - 12*f**3 - 3*f**2 + 11*f**3 - 15*f**2. Suppose 4*r = -2*j - 68, -5*r - 13 - 72 = -j. What is the tens digit of x(r)?
2
Let d = -7 - -54. Let y = -40 + d. Suppose -y*m + 8*m - 31 = 0. What is the units digit of m?
1
Suppose 4*z + 16 = 0, 3*x + 5*z = 178 + 78. Let b = x - 235. Let d = -92 - b. What is the tens digit of d?
5
Let m(s) = -s + 12*s - 2 + s**3 + 6*s + 9*s**2. Let g be m(-6). Suppose g*a = 84 + 60. What is the tens digit of a?
3
Let b(v) = 3*v + 16. Let x be b(-14). Suppose 5*t = 4*g + 199, 4*g + 4*t + 244 = -0*t. Let w = x - g. What is the tens digit of w?
3
Let x(q) = q**3 - 3*q**2 - 4*q - 1. Suppose -3 = 3*f - 18. What is the units digit of x(f)?
9
Let u(h) = h**3 - 4*h**2 - 2*h - 12. Let k be u(5). Suppose -2*a = 3*y - 333, 6*a - k*a - 497 = -2*y. Let b = 12 + a. What is the tens digit of b?
7
What is the units digit of ((-33245)/(-45) - 14/63*-1)*2?
8
Suppose -3093 - 5417 = -10*t. Suppose -5*f = -9*k + 10*k - 2136, 2*f - 3*k = t. What is the units digit of f?
7
What is the hundreds digit of (0 - 12) + (44 - -630)?
6
Suppose 12*v - 1246 = 6002. Suppose -5*f = y - 438, -3*f - 1900 = -3*y - v. What is the tens digit of y?
3
Suppose -3*n - 12 = 3*t + 21, 2*n - 8 = 0. Let b be t/(-35) - (-100)/28. Let a(y) = 16*y - 1. What is the tens digit of a(b)?
6
Let z(p) = 55*p**3 - 2*p**2 - 3*p + 1. Let t be z(-2). Let y = t - -629. Let c = y - 92. What is the tens digit of c?
9
Suppose 49*l + 9252 - 190344 = 350313. What is the tens digit of l?
4
Suppose u = 5*p + 27, 24 = p - 6*p + 2*u. Let m be 15/6*p/(-5). Suppose 2496 = 10*s + m*s. What is the hundreds digit of s?
1
Suppose -2*g = g + 215 - 692. What is the hundreds digit of g?
1
Let d = 14 - 6. Suppose d*t + 18 = 6*t. Let k(s) = -s**2 - 13*s - 12. What is the tens digit of k(t)?
2
Suppose -1544*z - 66320 = -1564*z. What is the thousands digit of z?
3
Let g be (1064/(-70))/((16/(-10))/4). Suppose 44*m = g*m + 1374. What is the units digit of m?
9
Let z(w) = w - 1. Let l be z(1). Let c be l - (-5 - 12/(-3)). What is the units digit of (-5)/c*(-51)/15?
7
What is the units digit of 8168/(7/(-560)*-20)?
2
Suppose 5*d - 2*z + 40 = 0, -2*d - 6*z + 3*z + 3 = 0. Let f be 6/(-9) + (-16)/d. Suppose -80 = -a + f*b, 4*a = -0*a - 3*b + 353. What is the tens digit of a?
8
Let p(c) = -37985*c**3 - c**2 - 2*c - 2. What is the thousands digit of p(-1)?
7
Suppose -d - 2*m + 3115 = 0, d - 143*m - 3094 = -138*m. What is the thousands digit of d?
3
Let h(b) = b**3 + 40*b**2 - 27*b + 1685. What is the ten thousands digit of h(31)?
6
Let o(r) = r. Let d(m) = -2*m + 16. Let h(t) = 3*d(t) + 12*o(t). Suppose 44*w - 368 = 116. What is the hundreds digit of h(w)?
1
Let u(w) = 2*w**2 + 15*w + 562. What is the thousands digit of u(-27)?
1
Let g be -7 + (-13)/((-91)/189). Let t(s) = 19*s**3 - s**2 + 3*s - 3. Let n be t(4). What is the tens digit of (-12)/g - n/(-15)?
8
Let z(n) = 10*n**2 - 6*n + 4. Let v(h) = -h**2 + 8*h + 2. Let t be v(8). Suppose -12 = -t*i + 5*i, 0 = 2*d + i + 12. What is the hundreds digit of z(d)?
1
Let v = 15644 + -2184. What is the thousands digit of v?
3
Let q be (146 - 8)*(-496)/(-24). Suppose 0 = -13*r + q + 9732. What is the hundreds digit of r?
9
What is the hundreds digit of (231752/6 + (-144 - -156))*6/4?
9
Suppose -156*r + 16259748 = -181*r + 426*r. What is the tens digit of r?
4
What is the thousands digit of 19357 + ((-57)/(-76))/((-9)/84)?
9
Let a be (-2)/((-2)/3) + -3. Suppose 2*k + 3*k = a. What is the units digit of 2/(-8)*(-116 - k)?
9
Let h(m) = -m**3 - 6*m**2 + 1. Let n be h(-6). Let g be (-2 + n)/(8/(-24)). What is the tens digit of g/(-4) + 12019/68?
7
Suppose -4*t = i - 944 - 278, 3*i + t - 3666 = 0. What is the tens digit of i?
2
Suppose 2976*h - 2974*h = 16266. What is the units digit of h?
3
Suppose -4*i = -2*a + 19670, -i + 21106 = 5*a - 28058. What is the units digit of a?
3
Let q = 287 - 287. Suppose q = 5*u - 2*g - 2960, 5*u - 2960 = -4*g + 7*g. What is the units digit of u?
2
Let b(k) = 16*k + 16. Let f(p) = -48*p - 47. Let c(u) = -7*b(u) - 2*f(u). What is the tens digit of c(-4)?
4
Suppose -40 - 120 = -8*s. Suppose -186 = -3*k - 5*v + s, -2*k - 3*v = -139. What is the units digit of k + 2 + -5 + 1?
5
Let z(x) = 7*x - 81. Let h be z(12). Suppose 4*v - 1516 = 3*a, h*a = v + 6*a - 379. What is the hundreds digit of v?
3
Suppose -4*d = -5*w - 24, -2*d + 15 = -7*d - 5*w. Let o be (93/(-12))/(d/4). Let s = 37 + o. What is the units digit of s?
6
Let f = -100190 - -151338. What is the units digit of f?
8
Let y be 6475/7 + (-2)/(-4)*-10. Let c = y - 486. What is the hundreds digit of c?
4
Suppose -a = -33 + 31. Let j(r) = 354*r - 1 + r**a - 379*r + 30. What is the units digit of j(24)?
5
Suppose -29 = -3*y + 5*r, -4*y - 2*r = -0 - 4. Suppose -5*q + 15 = 0, -y*x - 593 = -3*q - 1484. What is the hundreds digit of x?
3
Let z(n) = n**3 + 21*n**2 - 19*n - 54. Let i be z(-16). Let w = 2165 - i. What is the hundreds digit of w?
6
Suppose -49*r + 4 = -48*r. Suppose -1139 = -3*d - 5*u, 0 = -3*d + 5*d + r*u - 762. What is the hundreds digit of d?
3
Suppose -m + 1 = -3. Suppose -m*w = -0*w. Suppose w = -7*z + 6*z + 68. What is the tens digit of z?
6
Suppose -5*y - 18 = x - 120, 0 = 5*y - 10. Let c = x + 17. What is the units digit of c?
9
Suppose 532422 = 69*i - 2274622 - 176033. What is the ten thousands digit of i?
4
Let z be (-363960)/(-310) - (-4)/(-62). Suppose 4*q = 4*v + 4928, -4*q - z = 5*v - 6120. What is the tens digit of q?
3
Let z = -26743 - -35871. What is the thousands digit of z?
9
Let s(u) = -u**3 + 11*u**2 + 15*u - 3. Suppose 2*b - 60 = -32. Let o be s(b). Let q = 613 + o. What is the tens digit of q?
3
Let p(u) = u**2 - 12*u + 34. Let n be p(7). Let q(t) = -843*t**3 - t**2 + t + 1. What is the hundreds digit of q(n)?
8
Let x be (-1649)/(-2) + (-2 - (-3)/2). Suppose -3*n + 6 = -0, -x = -4*o + 4*n. What is the tens digit of o?
0
Let z = -384 + 386. Suppose -z*k = -418 - 626. What is the units digit of k?
2
Suppose 5*c - 3*w - 177894 = 0, -1126*c - 2*w = -1131*c + 177886. What is the ten thousands digit of c?
3
Suppose -2*q + 2 + 18 = 3*k, -2*q - 5*k = -28. What is the hundreds digit of (-14445)/(-35)*1 - q/(-14)?
4
Suppose -5*a - 13*a - 3*a + 484218 = 0. What is the units digit of a?
8
Suppose 2*q = q - 4*o - 18, 4*q - 4*o - 28 = 0. Suppose q*z = 557 - 137. What is the tens digit of z?
1
Let r = 70 + -67. Let x be (4 - r)/((-2)/(-78)). Suppose 3 + x = 3*s. What is the units digit of s?
4
Let k be -2 + 10/8 - 23191/28. Let g = k - -1423. What is the hundreds digit of g?
5
Suppose -5*t + 5788 = 4*h, h = -4*t + 561 + 875. What is the hundreds digit of h?
4
Let u = 109 + -103. Suppose 0 = -16*s + u*s + 3670. 